 base 11, what is -1 + 1?
0
In base 8, what is 0 + -1165?
-1165
In base 15, what is 2 - -99?
9b
In base 10, what is 162 + 5?
167
In base 6, what is 233 - 514?
-241
In base 4, what is -1132 + 0?
-1132
In base 2, what is 1100011 + -1010?
1011001
In base 16, what is 6b - -5?
70
In base 15, what is -187 - 3?
-18a
In base 14, what is -a94 - -5?
-a8d
In base 4, what is -1312301 - 3?
-1312310
In base 5, what is 4 - -2120?
2124
In base 7, what is -32 - -60?
25
In base 12, what is 3 - 4b?
-48
In base 10, what is -1269 + 2?
-1267
In base 3, what is 2011 - 10?
2001
In base 14, what is -2 - -10?
c
In base 9, what is 2154 - 5?
2148
In base 2, what is -1011110 + 101010?
-110100
In base 2, what is 10110110000 - 100?
10110101100
In base 5, what is -3 - 1341?
-1344
In base 12, what is 67 + -16?
51
In base 16, what is -1613 + 1?
-1612
In base 4, what is -1112 + -10?
-1122
In base 14, what is -2 - -1a?
18
In base 2, what is -1111100000100 - 0?
-1111100000100
In base 6, what is 22 + 3?
25
In base 9, what is -8 + -748?
-757
In base 2, what is 1001011 - -10?
1001101
In base 7, what is 10 + 1665?
2005
In base 16, what is 1 + 13?
14
In base 2, what is -10001 - -11011000?
11000111
In base 10, what is 73 - 3?
70
In base 3, what is -122122102 + 10?
-122122022
In base 3, what is 2 - 210?
-201
In base 9, what is 182 - -258?
451
In base 16, what is 2 - -679?
67b
In base 4, what is -21 + -1021?
-1102
In base 14, what is -146 - -12?
-134
In base 16, what is 160 + 0?
160
In base 5, what is -430 - 14?
-444
In base 11, what is 34 + 6?
3a
In base 9, what is -2 + -24?
-26
In base 12, what is -135 - 1?
-136
In base 2, what is -1001111 - -101?
-1001010
In base 3, what is 211202220 + -2?
211202211
In base 15, what is -128 + 9?
-11e
In base 15, what is -43d2 + 3?
-43ce
In base 2, what is -10100 - 1011?
-11111
In base 11, what is 5 + 305?
30a
In base 14, what is -5 + 1191?
118a
In base 8, what is -2 - 300?
-302
In base 9, what is -5 - 5?
-11
In base 5, what is 332320 - -2?
332322
In base 5, what is -1200 + 2?
-1143
In base 9, what is 834 - 1?
833
In base 14, what is -1a + -2?
-1c
In base 10, what is 1802 + 2?
1804
In base 6, what is 2 - 4505?
-4503
In base 9, what is 5 - 2082?
-2076
In base 2, what is -100 - 10011001110000?
-10011001110100
In base 2, what is 0 + -10111?
-10111
In base 4, what is -313232 - 2?
-313300
In base 11, what is 1 - a05?
-a04
In base 8, what is -127 - -2?
-125
In base 16, what is 29f - 1?
29e
In base 12, what is -259 + -4?
-261
In base 3, what is -1100 + 10111?
2011
In base 7, what is 64650 + 1?
64651
In base 2, what is 110000 + 10?
110010
In base 14, what is -3 + c3?
c0
In base 9, what is -250 - 2?
-252
In base 9, what is -642 + 15?
-626
In base 12, what is -160 + 9?
-153
In base 8, what is -2 - 51?
-53
In base 15, what is -3ae - 4?
-3b3
In base 16, what is -b - 8?
-13
In base 15, what is -10 - -b?
-4
In base 8, what is 3 - -310?
313
In base 5, what is -31 - -124?
43
In base 10, what is 50 - 1?
49
In base 5, what is 0 + -1402?
-1402
In base 7, what is 2 + -212?
-210
In base 7, what is -643 + -1?
-644
In base 6, what is -1212 - 0?
-1212
In base 10, what is 2 + -190?
-188
In base 13, what is 1042 - 3?
103c
In base 6, what is -15512 + -3?
-15515
In base 11, what is 10 + -2?
9
In base 4, what is 3200 - -3?
3203
In base 5, what is 2340 - -2?
2342
In base 9, what is 1850 + 0?
1850
In base 4, what is -12331 + -11?
-13002
In base 10, what is 304 + -16?
288
In base 2, what is -100010 + 100111?
101
In base 10, what is 2 - 121?
-119
In base 2, what is -101000 + -1000?
-110000
In base 7, what is 6 - -324?
333
In base 16, what is 3 - 13?
-10
In base 9, what is 14 - 71?
-56
In base 3, what is 2 - -1200?
1202
In base 16, what is 1d4 + -1?
1d3
In base 2, what is -1010100001 + -1101?
-1010101110
In base 3, what is 121 + 122?
1020
In base 4, what is -2312 + -10?
-2322
In base 5, what is 4102 + -3?
4044
In base 10, what is -1175 - -1?
-1174
In base 7, what is 136 + -2?
134
In base 4, what is -121 - -2021?
1300
In base 16, what is -3 - bd?
-c0
In base 8, what is 17 + -66?
-47
In base 12, what is -1 + 15?
14
In base 15, what is -21 + -5?
-26
In base 3, what is 12200 + 12?
12212
In base 16, what is 2 + 3d?
3f
In base 8, what is -36 + -132?
-170
In base 11, what is 81 + 216?
297
In base 12, what is 2 - -23?
25
In base 12, what is -4 - 10?
-14
In base 15, what is 79b + 3?
79e
In base 12, what is 5 + -10?
-7
In base 16, what is 15 - 5?
10
In base 7, what is 24 + 431?
455
In base 8, what is 3 - 710?
-705
In base 13, what is 11 - -642?
653
In base 12, what is 4a1 - 1?
4a0
In base 12, what is a + -5?
5
In base 5, what is -3 + 2242?
2234
In base 8, what is 1 + 74?
75
In base 13, what is 3 + -120?
-11a
In base 8, what is 6670 - -3?
6673
In base 10, what is 3 - -496?
499
In base 16, what is 4e3 - -1?
4e4
In base 16, what is 57 + -d?
4a
In base 6, what is 3 + -424?
-421
In base 9, what is 2387 + 2?
2400
In base 3, what is 10 - 1021?
-1011
In base 8, what is -1353 + -4?
-1357
In base 7, what is 3 + -264?
-261
In base 3, what is -21002 + 11?
-20221
In base 11, what is -599 + 10?
-589
In base 14, what is -439 - -4?
-435
In base 15, what is 2d8 - -5?
2dd
In base 11, what is 3 - -183?
186
In base 10, what is 43 - -9?
52
In base 2, what is -100 - -110110?
110010
In base 15, what is -17 + 112?
ea
In base 14, what is 2 + -1a?
-18
In base 4, what is -11 - -30311?
30300
In base 16, what is 126 + -2?
124
In base 6, what is -25 - -21?
-4
In base 15, what is -404 - -4?
-400
In base 6, what is -14 + -404?
-422
In base 12, what is -107 - 3b?
-146
In base 3, what is -1221 + -101120?
-110111
In base 2, what is -101 + -1001001011?
-1001010000
In base 5, what is -1 - 12?
-13
In base 3, what is -10121 + -20?
-10211
In base 6, what is -1 + -151?
-152
In base 5, what is -310440 - 4?
-310444
In base 5, what is -21 + 4?
-12
In base 6, what is -20 - 102?
-122
In base 7, what is 6 + 50?
56
In base 16, what is 3 + -234c?
-2349
In base 3, what is 21 - -2?
100
In base 10, what is 7 + -130?
-123
In base 7, what is 1246 + 5?
1254
In base 11, what is 131 + 45?
176
In base 2, what is 11111 + -1010?
10101
In base 7, what is -152162 + 2?
-152160
In base 15, what is -34 + bd?
89
In base 7, what is -3 + -1165?
-1201
In base 8, what is 4 + 314?
320
In base 11, what is -235 - 5?
-23a
In base 11, what is 691 - -9?
69a
In base 6, what is 5 - 31?
-22
In base 11, what is 11 + -1772?
-1761
In base 16, what is -3 + 74?
71
In base 5, what is -13123 + 10?
-13113
In base 11, what is 31 - -282?
303
In base 5, what is 3 - -1101?
1104
In base 15, what is 3 + 55?
58
In base 15, what is -4 - 29?
-2d
In base 13, what is 4 + -12a?
-126
In base 12, what is -3a6 - -b?
-397
In base 12, what is -842 + 2?
-840
In base 12, what is -88 + -1b?
-a7
In base 9, what is 10 + 57?
67
In base 7, what is -51 - 66?
-150
In base 14, what is 0 + 63?
63
In base 5, what is 101 - -3314?
3420
In base 8, what is 5 - -206?
213
In base 13, what is 4 - 8a?
-86
In base 10, what is 0 + -209?
-209
In base 13, what is 0 + 564?
564
In base 9, what is -12 + 54?
42
In base 7, what is -1623 + 13?
-1610
In base 16, what is -b - 11?
-1c
In base 10, what is 16 + -235?
-219
In base 4, what is -31010 + -11?
-31021
In base 12, what is a8 + -76?
32
In base 2, what is 101101 - -100100?
1010001
In base 4, what is -11 + 2132?
2121
In base 10, what is 0 + -136?
-136
In base 2, what is 1000001111 - 0?
1000001111
In base 16, what is -1 + 1b4?
1b3
In base 6, what is 0 - -4?
4
In base 7, what is 55 - -41?
126
In base 15, what is 259 - 8?
251
In base 15, what is -c + -aa?
-b7
In base 11, what is -10 + 98?
88
In base 13, what is -2 - 694?
-696
In base 7, what is 2001 + 3?
2004
In base 4, what is 1020 - 0?
1020
In base 6, what is 230 - -1?
231
In base 7, what is 4663 - -4?
5000
In base 15, what is -57 + 25?
-32
In base 9, what is 3 - 8?
-5
In base 11, what is -5a5 + -2?
-5a7
In base 11, what is 8 + -17?
-a
In base 9, what is 100 + 8?
108
In base 16, what is 55 + -5?
50
In base 11, what is -2 - 1691?
-1693
In base 8, what is -3236 + -1?
-3237
In base 12, what is -7 - 7?
-12
In base 8, what is -6 + 354?
346
In base 9, what is -4 - -138?
134
In base 8, what is -10 - -170?
160
In base 10, what is 13 + -51?
-38
In base 14, what is -385 - -1?
-384
In base 8, what is -15021 - 4?
-15025
In base 11, w